actor of 2380003 and 1.
1
What is the highest common divisor of 15450831 and 1188?
297
Calculate the highest common divisor of 22622411 and 7.
7
What is the highest common factor of 29440 and 1486080?
1280
Calculate the highest common divisor of 73 and 239126246.
73
What is the highest common factor of 6012423 and 18?
9
What is the highest common factor of 385 and 36453095?
35
Calculate the highest common factor of 14 and 17728606.
14
What is the highest common divisor of 630 and 521640?
630
Calculate the greatest common divisor of 92582 and 2006.
34
Calculate the greatest common factor of 12820 and 3269620.
20
Calculate the highest common divisor of 241305835 and 1635.
545
Calculate the greatest common divisor of 83541 and 114.
3
Calculate the highest common divisor of 11660 and 57853528.
212
Calculate the highest common divisor of 5470 and 8370.
10
What is the greatest common divisor of 187 and 1721522?
187
Calculate the greatest common divisor of 3553 and 966929.
19
What is the greatest common divisor of 379561 and 7158697?
8827
Calculate the highest common divisor of 2330 and 319304365.
1165
Calculate the greatest common factor of 88869446 and 8.
2
Calculate the greatest common divisor of 594 and 45621279.
297
Calculate the highest common divisor of 495 and 248682225.
165
What is the highest common factor of 1639 and 53471?
11
What is the highest common divisor of 154 and 114079526?
22
Calculate the greatest common divisor of 1042274 and 12.
2
What is the highest common factor of 106763 and 133273?
241
Calculate the greatest common divisor of 288325 and 162925.
475
What is the greatest common factor of 5835 and 57228513?
1167
Calculate the greatest common factor of 940576 and 8273968.
5168
Calculate the highest common divisor of 19616760 and 3654.
522
What is the highest common divisor of 7676 and 276412?
76
What is the highest common factor of 131035 and 219000?
365
What is the greatest common factor of 44775 and 5725?
25
Calculate the greatest common factor of 2678 and 148850.
26
What is the highest common divisor of 229861862 and 322?
46
What is the greatest common divisor of 672 and 3387216?
336
Calculate the highest common factor of 2574 and 134153514.
198
Calculate the highest common divisor of 72 and 4988856.
24
Calculate the greatest common factor of 5023787 and 803.
73
What is the highest common factor of 608 and 3071820896?
608
Calculate the highest common factor of 236 and 11467004.
236
Calculate the highest common divisor of 180 and 19172160.
180
What is the highest common factor of 8382449 and 419622?
9991
Calculate the highest common divisor of 66374956 and 590456.
12836
What is the greatest common factor of 840330 and 54?
18
Calculate the greatest common divisor of 345 and 28161453.
69
What is the greatest common factor of 2215146521 and 133?
133
What is the greatest common factor of 49 and 16005948?
49
Calculate the highest common divisor of 2466175 and 3680.
115
What is the greatest common factor of 174 and 112327266?
174
Calculate the greatest common factor of 207266 and 7502.
62
Calculate the highest common divisor of 5008416 and 2688.
672
Calculate the greatest common divisor of 58564 and 115192.
484
What is the highest common divisor of 905624 and 3128?
136
What is the highest common factor of 57358 and 306070?
482
What is the highest common divisor of 7146405 and 35651?
3241
Calculate the highest common factor of 57672 and 98256.
2136
What is the greatest common divisor of 350636706 and 1032?
258
Calculate the greatest common factor of 1213522 and 647732.
3902
Calculate the highest common divisor of 8637739 and 22.
11
What is the greatest common divisor of 15066 and 69829236?
1674
Calculate the highest common factor of 93470173 and 2.
1
What is the highest common factor of 13470 and 6440?
10
What is the greatest common factor of 466896 and 240?
48
Calculate the highest common divisor of 232 and 47629600.
232
Calculate the greatest common divisor of 376 and 9779344.
8
Calculate the highest common divisor of 20070798 and 37.
37
Calculate the highest common divisor of 63947430 and 180.
90
What is the greatest common factor of 13158 and 90032?
34
What is the highest common divisor of 1903544 and 436552?
2216
Calculate the greatest common factor of 651 and 59757.
3
Calculate the highest common divisor of 9143 and 421024.
223
Calculate the greatest common factor of 9 and 236440494.
9
Calculate the highest common divisor of 294446 and 21106.
346
What is the greatest common divisor of 435239 and 641?
641
What is the greatest common factor of 4355793 and 944?
59
What is the greatest common divisor of 84 and 157191860?
28
Calculate the greatest common factor of 30627 and 307336.
41
What is the highest common factor of 1556135 and 1517585?
1285
What is the greatest common factor of 31910989 and 153?
17
What is the greatest common factor of 429852 and 1356?
1356
What is the highest common factor of 1196 and 3676439?
13
What is the highest common divisor of 15172 and 964?
4
Calculate the highest common factor of 2807690 and 60.
10
Calculate the greatest common divisor of 68 and 24702241.
17
What is the highest common factor of 314852886 and 3546?
3546
Calculate the highest common factor of 105267205 and 115.
115
What is the highest common divisor of 2266 and 131872136?
2266
What is the highest common factor of 4785 and 2719040?
145
What is the highest common divisor of 14880 and 212920?
40
What is the greatest common factor of 491744 and 4096?
32
What is the highest common divisor of 200 and 117443680?
40
What is the greatest common divisor of 1783557 and 81?
9
Calculate the highest common divisor of 503089 and 45473.
37
What is the highest common divisor of 301 and 12096889?
301
What is the greatest common factor of 2486 and 376626514?
2486
What is the highest common divisor of 29064 and 403620?
84
Calculate the greatest common factor of 5600 and 6865950.
350
Calculate the highest common factor of 6816 and 1985520.
48
Calculate the highest common divisor of 1028216 and 67954.
122
What is the highest common divisor of 5035 and 754200?
5
Calculate the greatest common factor of 6504 and 482772.
12
What is the highest common divisor of 107165709 and 72?
9
What is the highest common factor of 18508 and 49812?
28
Calculate the highest common divisor of 64 and 61744552.
8
What is the highest common factor of 7133373 and 819?
117
What is the greatest common factor of 15460 and 77713555?
3865
What is the highest common factor of 7 and 29151493?
7
What is the greatest common divisor of 439326151 and 9614?
4807
Calculate the greatest common factor of 25386322 and 7748.
3874
What is the highest common divisor of 961869 and 94032?
1959
What is the greatest common factor of 18547 and 2019617?
17
Calculate the greatest common divisor of 20325673 and 79.
79
Calculate the greatest common factor of 1351282 and 10.
2
What is the greatest common divisor of 335049 and 71?
71
What is the greatest common factor of 26779426 and 526770?
3902
What is the greatest common factor of 840855 and 319?
29
What is the highest common divisor of 1648543 and 169?
13
Calculate the highest common factor of 43537 and 138097.
197
What is the highest common factor of 380 and 13773315?
5
What is the highest common divisor of 18281912 and 277552?
7304
What is the highest common divisor of 116 and 4219210?
58
Calculate the greatest common divisor of 736 and 715507.
23
Calculate the highest common divisor of 190 and 464170.
190
What is the highest common divisor of 360090901 and 16641?
1849
What is the highest common divisor of 14819292 and 159651?
657
What is the greatest common divisor of 2600 and 6782945?
65
Calculate the greatest common factor of 13576 and 20406425.
1697
What is the highest common factor of 34 and 549865?
17
Calculate the greatest common factor of 5892845 and 175.
35
What is the greatest common divisor of 82 and 190755493?
41
What is the greatest common factor of 4 and 369574?
2
What is the greatest common factor of 14792082 and 385301?
2897
What is the greatest common divisor of 600 and 5478860?
20
What is the highest common divisor of 16695 and 1912995?
315
What is the highest common divisor of 65358 and 40806?
18
Calculate the greatest common div